= -29, 2*a = 5*z - 167. What are the prime factors of z?
5, 7
Suppose -648550 = 598*y - 683*y. List the prime factors of y.
2, 5, 7, 109
Suppose 2*s - 6767 = -2*x + 7289, -4*s + 28100 = -2*x. What are the prime factors of s?
2, 3, 1171
Let b(o) = -o - 10*o**2 + 3*o - 5 + 104*o**3 + 8*o**2. Let k(a) = 52*a**3 - a**2 + a - 2. Let x(p) = -2*b(p) + 5*k(p). List the prime factors of x(1).
2, 13
Let g(c) = -c**3 - 10*c**2 - 40*c + 28. Let l be g(-10). Let z = 803 - l. What are the prime factors of z?
3, 5
Suppose -36*l = -43*l + 21. Let f be 0 - -23 - (-3 - -2). Suppose 2*o - 213 + f = -l*r, -5*o - 252 = -4*r. List the prime factors of r.
3, 7
Let k(w) = -w**2 - 2*w**2 + 14 + 15*w**2 - 10*w**2. Let c be k(-5). Let f = 119 - c. List the prime factors of f.
5, 11
List the prime factors of (-14)/7 - ((-8)/(-28) - 90694/7).
2, 3, 17, 127
Let z(v) = 0*v + 10*v - 3 - 13*v. What are the prime factors of z(-21)?
2, 3, 5
Let l = -8862 - -25423. What are the prime factors of l?
16561
Let d be (351/(-3) + 2)*16/(-40). Let u = d - 46. Suppose -4*l = 2*a - 5*a - 440, u = 5*l - 3*a - 547. List the prime factors of l.
107
Let k = -786 + 2368. List the prime factors of k.
2, 7, 113
Suppose -2920962 - 1902414 = -171*a - 1342329. What are the prime factors of a?
20357
Suppose 3250 = -0*i + 4*i - 3*h, 2*h + 3248 = 4*i. Suppose 0 = -5*r + 2531 - i. What are the prime factors of r?
2, 43
Suppose -4*l + 116742 = -5*a, 4*l - 52*a = -54*a + 116784. What are the prime factors of l?
3, 37, 263
List the prime factors of (-159)/2*(-9 - (15 - (-880)/15)).
2, 31, 53
Suppose 6659*k - 6679*k = -10040. List the prime factors of k.
2, 251
Suppose -16 = -3*f - r + 2*r, -5*f + 45 = 2*r. Suppose 4*j - f = 5*x + 15, -3*j - 2*x + 28 = 0. List the prime factors of j.
2
Let h(q) = -3*q - 15. Let y(n) = 6*n + 28. Let o(i) = 5*h(i) + 2*y(i). Let p be o(-10). Suppose -p*x + 6*x = -370. List the prime factors of x.
2, 37
Let g(f) = f**3 + 8*f**2 + 8*f + 11. Let k be g(-7). Suppose 320 = k*v - c - 415, 3*c - 200 = -v. List the prime factors of v.
5, 37
Let j(z) = z**2 - 40*z + 209. Let n be j(6). Suppose w - 2*g = 770, 5*w + 9*g - 3892 = n*g. List the prime factors of w.
2, 97
List the prime factors of (1428/126)/((-3232)/3234 - -1).
2, 7, 11, 17
Let l be 10/(-60)*-32*3/(-2). What are the prime factors of (l/(-6))/((57/(-558))/(-19))?
2, 31
Let s(x) = 31*x - 4. Let y be 63/45 - 2/5. Let c be s(y). Suppose a - 39 = c. What are the prime factors of a?
2, 3, 11
Let c(u) = 3*u - 21. Let k be c(7). Suppose -14*f + 10*f + 108 = k. What are the prime factors of 2/(-3) + 207/f?
7
Let u = -1795 - -3287. List the prime factors of u.
2, 373
Let z = 10459 + -4459. What are the prime factors of z?
2, 3, 5
Let x = -47286 + 69875. List the prime factors of x.
7, 461
Suppose 2*v + 3*t + 9 = 0, 0*t - 3 = -2*v + t. Let r(y) = 84 + 119 - y**2 + 4*y + y**3 - 5*y. What are the prime factors of r(v)?
7, 29
Let x = 24762 + -7713. List the prime factors of x.
3, 5683
Suppose -4*o + 2*q = 3566, -11 + 1 = 2*q. Suppose 2*p = 3*s - 17, 0 = -2*p - 2*s - 2*s + 4. List the prime factors of 20/30*o/p*1.
149
Let z be ((-58)/203)/((-30)/14 + 2). Suppose 2*t = -z*t + 1712. List the prime factors of t.
2, 107
Let f be 15/(-9) - 5032/12. Let c = f + 945. What are the prime factors of c?
2, 131
Let f(g) = 8*g**3 + 6*g**2 + g + 4. Suppose -5*p + 12 = -3*u, 7*p + 3*u = 8*p. List the prime factors of f(p).
277
Suppose 79*z - 61022 - 1206352 - 244212 = 0. List the prime factors of z.
2, 3, 1063
Let p = 87 - -79. Suppose -2*q = -o - 109, -2*o = -3*q - 3*o + p. Let u = 155 - q. What are the prime factors of u?
2, 5
List the prime factors of -8 - (720/160)/((-1)/558).
2503
Suppose -2*j + 4*r = -24, 3*j = 4*r + 17 + 13. Suppose 0 = -j*g + 2245 + 2981. List the prime factors of g.
13, 67
Suppose -p + 3*l + 9009 = -2472, p - 2*l - 11476 = 0. List the prime factors of p.
2, 3, 7, 13
Suppose 24*q = 5*q - 95. List the prime factors of q*(2 + 1/(-1)) + 524.
3, 173
Let w = 34 - 32. Let s(x) = 20 + x**3 - 11*x + 0*x**3 + 24*x + 7*x**w + 5*x**2. What are the prime factors of s(-10)?
2, 3, 5
Let n = -1134 + 5543. What are the prime factors of n?
4409
Let c be 16/16 + 17 + 2. Suppose 0 = 26*n - c*n - 2892. List the prime factors of n.
2, 241
Suppose 2*o = 3*o + 2, c - o = 8. Let l(u) = 26*u**2 + 4*u - 20. List the prime factors of l(c).
2, 5, 47
Suppose 900 = -9*a + 31131. What are the prime factors of a?
3359
Let x(l) = 417*l**3 - l**2 + 5*l - 5. What are the prime factors of x(2)?
47, 71
Let z(t) = -2903*t - 2650. List the prime factors of z(-3).
73, 83
Suppose -26 = -163*q + 162*q. Suppose -5*m - q = -41. Suppose 0*g = m*g - 3*f - 393, -4*g + 526 = -2*f. List the prime factors of g.
2, 3, 11
Let r be 14 + -4 + -4 - 10192/(-8). Let h = 2766 - r. List the prime factors of h.
2, 743
Let b(u) be the second derivative of -u**5/20 + u**4 + 23*u**3/6 + u**2 + 58*u. What are the prime factors of b(10)?
2, 3
Let z(n) = -276*n + 15817. What are the prime factors of z(0)?
15817
Let o = 4583 + -4243. List the prime factors of o.
2, 5, 17
Suppose -145692 = 2*c + 27*c - 410636. What are the prime factors of c?
2, 571
Let p(l) = -l**2 - 5*l + 8. Let v(m) = 3*m + 7. Let c be v(-3). Let r(u) = u**2 + 10*u - 17. Let s(o) = c*r(o) - 5*p(o). What are the prime factors of s(4)?
2, 31
Let d be 2/(1/((-9)/(-6))). Let w = -32 + 37. Suppose -4*v - 150 = -w*m, -d*v = -3*m - 6*v + 63. What are the prime factors of m?
2, 13
Let f be (-4)/22 - 627/(-121). Suppose -f*g - 145 = -370. List the prime factors of g.
3, 5
Suppose 4 = 2*x, 0 = 2*k + x + 2 - 4. Suppose k = -2*b - 5*h + 2*h + 790, 2*h + 770 = 2*b. What are the prime factors of b?
389
Let p(v) = 38*v**2 + 2*v + 5. Suppose w + 3 + 4 = 5*f, -10 = -5*f. What are the prime factors of p(w)?
353
Suppose -8*z + 102022 = 35*z - 14*z. What are the prime factors of z?
2, 1759
Suppose 5*j + 2*q - 648 - 362 = 0, 0 = 4*j + 4*q - 796. Let a = 639 - j. What are the prime factors of a?
3, 5, 29
List the prime factors of (533/(-164) + 10/4)*(-75003 - 1).
3, 17, 1103
Let w(j) = 50*j - 78. Suppose -2*r + 7*r = -c + 57, -c = -4*r + 51. List the prime factors of w(r).
2, 3, 29
Let w(c) be the second derivative of -2*c**4/3 + c**3/2 + 13*c**2/2 - 16*c. Let q(y) be the first derivative of w(y). What are the prime factors of q(-5)?
83
What are the prime factors of ((-16)/3)/((-122)/63501)?
2, 347
Suppose 34*t - 276341 = -58877. List the prime factors of t.
2, 3, 13, 41
Let q be ((-9)/(-3) - 3) + 25. Let b = q + 150. Suppose -5*z - 3*w = -4*w - 420, 2*z + w = b. List the prime factors of z.
5, 17
What are the prime factors of 12/32*18 + -7 - (-109913)/4?
2, 11, 1249
Suppose -11*h + 88 = 11*h. Suppose u + 2*u - k = 1530, h*u - 2040 = -5*k. List the prime factors of u.
2, 3, 5, 17
What are the prime factors of (-1832)/(684/63 + -11)?
2, 7, 229
Suppose 17335*v = 17332*v + 43968. List the prime factors of v.
2, 229
List the prime factors of -8*(-6943 + (-23 - -5)).
2, 6961
Suppose x - a - 37 = 16, 0 = 5*x + 3*a - 305. Suppose -x*i + 56*i = -1934. What are the prime factors of i?
967
Let a(g) = 33*g**2 - 3*g - 470. What are the prime factors of a(-27)?
2, 61, 97
Let u(i) = -i**3 + 82*i - 6 - 30*i**2 + 18 - 7 + 14. List the prime factors of u(-33).
2, 5, 29
Suppose 2*y = 3*y + 2. Let w be 1958/(-88) + y/(-8). Let q(l) = l**2 + 24*l + 53. What are the prime factors of q(w)?
3
Suppose -67*y = 40*y - 1131340 - 896631. What are the prime factors of y?
11, 1723
Let y = 1157 - -6515. What are the prime factors of y?
2, 7, 137
Suppose -5*s + 9*s + 49092 = 10*s. List the prime factors of s.
2, 4091
Suppose 0 = -h - 5*o + 2995 + 2778, 2*o + 11594 = 2*h. List the prime factors of h.
3, 1931
Let c be (5 - (-1 + 2))/1. Suppose 19*n - 409 - 707 = n. Suppose 4 = -4*r, s - 9*r - n = -c*r. What are the prime factors of s?
3, 19
Suppose 3297 = -2*z + 1285. List the prime factors of 1 - -3 - 10 - z.
2, 5
Suppose 41*s - c = 37*s + 1555, -c = -5. What are the prime factors of s?
2, 3, 5, 13
Let d = -112 - -120. Suppose 5*l + 25 = 5*h, -3*l - 13 = -5*h + d. List the prime factors of (-10)/35 - h*1318/(-21).
2, 47
Suppose 19*g = 8184 + 22900. Suppose 6*j + g = 6688. What are the prime factors of j?
2, 421
Let c(g) = g**3 + g**2 + 5*g + 6. Let q be c(4). Suppose 5*s +